-- https://www.phpmyadmin.net/
--
-- Φιλοξενητής: localhost:3306
-- Χρόνος δημιουργίας: 25 Ιουλ 2022 στις 14:53:17
-- Έκδοση διακομιστή: 10.3.35-MariaDB
-- Έκδοση PHP: 7.4.30

START TRANSACTION;



--
-- Βάση δεδομένων: `wwwtechstechspot_support`
--

-- --------------------------------------------------------

--
-- Δομή πίνακα για τον πίνακα `contact`
--

CREATE TABLE `contact` (
  `id` int(10) UNSIGNED NOT NULL,
  `mailtempl_id` int(10) UNSIGNED NOT NULL,
  `ticket_id` int(10) UNSIGNED NOT NULL,
  `sent` datetime NOT NULL,
  `attachment` tinyint(4) NOT NULL DEFAULT 1
) ENGINE=InnoDB DEFAULT CHARSET=utf8;

--
-- Άδειασμα δεδομένων του πίνακα `contact`
--

INSERT INTO `contact` (`id`, `mailtempl_id`, `ticket_id`, `sent`, `attachment`) VALUES
(26, 4, 22, '2022-04-05 11:56:54', 1),
(27, 4, 23, '2022-04-06 12:03:51', 1),
(28, 4, 24, '2022-04-08 10:02:01', 1),
(29, 2, 24, '2022-04-08 11:03:56', 2);

-- --------------------------------------------------------

--
-- Δομή πίνακα για τον πίνακα `customer`
--

CREATE TABLE `customer` (
  `id` int(10) UNSIGNED NOT NULL,
  `title` varchar(64) NOT NULL,
  `mobile` char(10) NOT NULL DEFAULT '',
  `landline` char(10) NOT NULL DEFAULT '',
  `email` varchar(64) NOT NULL DEFAULT '',
  `afm` char(10) NOT NULL DEFAULT ''
) ENGINE=InnoDB DEFAULT CHARSET=utf8;

--
-- Άδειασμα δεδομένων του πίνακα `customer`
--

INSERT INTO `customer` (`id`, `title`, `mobile`, `landline`, `email`, `afm`) VALUES
(6, 'ΧΑΤΖΗΠΑΝΑΓΙΩΤΗΣ ΓΙΩΡΓΟΣ', '6932360564', '2271082222', 'contact@techspot.gr', '302681193'),
(7, 'ΔΕΣΠΟΙΝΑ ΠΕΤΡΑΚΗ', '6946450342', '2271104155', 'despoina.petraki@hotmail.com', '124635814'),
(8, 'ΜΑΡΙΑ ΚΟΥΙΜΑΝΗ', '6951516063', '436526245', 'marakink@yahoo.com', ''),
(9, 'ΚΥΛΑΔΙΤΗΣ ΠΕΤΡΟΣ', '', '2271102528', 'com@bithub.gr', ''),
(10, 'ΚΑΡΔΑΣΙΛΑΡΗΣ', '', '2271022502', 'dim.kardasilaris@gmail.com', '073488036'),
(11, 'ΠΑΓΧΙΑΚΟΣ', '', '2271024194', 'ameachio@otenet.gr', '090286290'),
(12, 'MΠΡΟΥΖΑΚΗΣ - ΔΗΜΟΤΙΚΟ ΒΟΛΙΣΣΟΥ', '6945832470', '', 'mail@dim-voliss.chi.sch.gr', '997895809'),
(13, 'ΦΡΡΟΚΑΙ ΦΩΤΕΙΝΗ / Πολυτεχνείου 13 - 5ος όροφος', '6938637299', '', 'frrokaifotini@gmail.com', '');

-- --------------------------------------------------------

--
-- Δομή πίνακα για τον πίνακα `mailtempl`
--

CREATE TABLE `mailtempl` (
  `id` int(10) UNSIGNED NOT NULL,
  `title` varchar(64) NOT NULL DEFAULT '',
  `subject` varchar(128) NOT NULL DEFAULT ''
) ENGINE=InnoDB DEFAULT CHARSET=utf8;

--
-- Άδειασμα δεδομένων του πίνακα `mailtempl`
--

INSERT INTO `mailtempl` (`id`, `title`, `subject`) VALUES
(2, 'Κλείσιμο ticket με χρέωση', 'Techspot, Όλοκλήρωση αιτήματος υποστήριξης ID: {id}'),
(3, 'Κλείσιμο ticket χωρίς χρέωση', 'Techspot, Όλοκλήρωση αιτήματος υποστήριξης ID: {id}'),
(4, 'Νέο Ticket', 'Techspot, Νέο Αίτημα Υποστήριξης ID : {id}');

-- --------------------------------------------------------

--
-- Δομή πίνακα για τον πίνακα `ticket`
--

CREATE TABLE `ticket` (
  `id` int(10) UNSIGNED NOT NULL,
  `customer_id` int(10) UNSIGNED NOT NULL,
  `txt` text NOT NULL,
  `cost` float(8,2) NOT NULL DEFAULT 0.00,
  `opened` datetime NOT NULL,
  `status` tinyint(4) NOT NULL DEFAULT 1
) ENGINE=InnoDB DEFAULT CHARSET=utf8;

--
-- Άδειασμα δεδομένων του πίνακα `ticket`
--

INSERT INTO `ticket` (`id`, `customer_id`, `txt`, `cost`, `opened`, `status`) VALUES
(22, 11, 'Πρόβλημα στον εκτυπωτή.', 0.00, '2022-04-05 11:56:14', 1),
(23, 12, 'Σύνδεση με anydesk για εγκατάσταση office.', 0.00, '2022-04-06 11:50:31', 1),
(24, 13, 'Πρόβλημα στον εκτυπωτή.', 0.00, '2022-04-08 09:46:50', 4);

--
-- Ευρετήρια για άχρηστους πίνακες
--

--
-- Ευρετήρια για πίνακα `contact`
--
ALTER TABLE `contact`
  ADD PRIMARY KEY (`id`);

--
-- Ευρετήρια για πίνακα `customer`
--
ALTER TABLE `customer`
  ADD PRIMARY KEY (`id`);

--
-- Ευρετήρια για πίνακα `mailtempl`
--
ALTER TABLE `mailtempl`
  ADD PRIMARY KEY (`id`);

--
-- Ευρετήρια για πίνακα `ticket`
--
ALTER TABLE `ticket`
  ADD PRIMARY KEY (`id`);

--
-- AUTO_INCREMENT για άχρηστους πίνακες
--

--
-- AUTO_INCREMENT για πίνακα `contact`
--
ALTER TABLE `contact`
  MODIFY `id` int(10) UNSIGNED NOT NULL AUTO_INCREMENT, AUTO_INCREMENT=30;

--
-- AUTO_INCREMENT για πίνακα `customer`
--
ALTER TABLE `customer`
  MODIFY `id` int(10) UNSIGNED NOT NULL AUTO_INCREMENT, AUTO_INCREMENT=14;

--
-- AUTO_INCREMENT για πίνακα `mailtempl`
--
ALTER TABLE `mailtempl`
  MODIFY `id` int(10) UNSIGNED NOT NULL AUTO_INCREMENT, AUTO_INCREMENT=5;

--
-- AUTO_INCREMENT για πίνακα `ticket`
--
ALTER TABLE `ticket`
  MODIFY `id` int(10) UNSIGNED NOT NULL AUTO_INCREMENT, AUTO_INCREMENT=25;
COMMIT;

